eatest common divisor of q and b?
18
Suppose 10 = 5*k - 10. Let w = k - 2. Calculate the highest common divisor of 2 and w.
2
Let o be (-14)/(-4)*2/1. Let h(i) = i**2 + 5*i - 5. Let y be h(-6). Calculate the highest common divisor of y and o.
1
Let b(t) = -5*t - 5. Let q be b(-9). Suppose q = 2*x - 40. Calculate the greatest common factor of 8 and x.
8
Suppose -5*i - 75 + 210 = 0. Suppose -3*g = r - 31, -g + 5*r - 7 = r. Calculate the highest common factor of i and g.
9
Suppose 4*m - 431 = -3*z, -m = m + z - 215. Suppose -h + 23 = m. Let d be h/(-6) - (-2 + 0). Calculate the greatest common divisor of 4 and d.
4
Suppose 1387 = -5*j + 287. Let g = -42 - j. Let v = g - 97. Calculate the greatest common factor of 9 and v.
9
Let l be 153/5 + (-3)/5. What is the highest common divisor of 45 and l?
15
Suppose -5*c + 4*c + 12 = 0. Suppose -a + 2 + 0 = 0. Suppose 28 = a*m - 4*s - 180, -4*s = -m + 100. What is the greatest common factor of c and m?
12
Let j be (-56)/(-12) - 4 - (-722)/6. Calculate the highest common divisor of 22 and j.
11
Let j be 6/(-16) + 2121/24. Calculate the highest common factor of 8 and j.
8
Suppose -4*q - 8 = 4*s, 4*q + 2*s + 1 = -q. Calculate the greatest common factor of q and 4.
1
Let f be ((-7)/(14/(-44)))/2. What is the greatest common divisor of 33 and f?
11
Let n be (10/(-15))/((-1)/3). Let l be 2/(n*(-1)/8). Let s be (-6 - l) + 106*1. Calculate the highest common factor of s and 12.
12
Let f be ((-20)/(-50))/(1/(-50)). Let m be f/(-15)*69/1. What is the greatest common divisor of m and 23?
23
Let m(w) = w - 4. Let a be m(6). Let r(u) be the first derivative of 3*u**2 - 2*u + 1. Let z be r(a). Calculate the highest common factor of 15 and z.
5
Suppose 336 = 7*a - 3*a. What is the greatest common factor of a and 12?
12
Let k(m) = m**3 + 8*m**2 + 6*m - 6. Let q = -6 - 1. Let h be k(q). Let r(c) = -2*c - 21. Let f be r(-11). What is the highest common divisor of h and f?
1
Let u = 99 - 3. Suppose 19 = 3*c - 17. Calculate the highest common divisor of c and u.
12
Suppose 8 = 3*l - 4. Suppose 4*n = -5*i - 32, 3*i + 5 + l = n. Let p be (-3)/(n/32) + 0. What is the greatest common divisor of p and 48?
16
Suppose 0 = 2*c + 3*c + 50. Let i = c - -26. Suppose -2*w = 3*w - 2*f - i, -2*w + 16 = 4*f. What is the highest common divisor of 2 and w?
2
Suppose 4*b - 57 + 5 = 0. Let r(m) = m**2 - 4*m + 7. Let d be r(8). Calculate the highest common factor of d and b.
13
Let n(i) = i**3 + 2*i**2 + 1. Let f be n(-2). Suppose -2*j = -3*j + 4. Suppose -f = -0*r - r, j*w = 3*r + 93. What is the highest common divisor of 16 and w?
8
Let q(c) = 3*c - 8. Let m(r) = r + 1. Let d(s) = 2*m(s) - q(s). Let n be d(7). Calculate the greatest common factor of n and 15.
3
Let z(f) = -f**2 + 4*f + 7. Let q be z(6). Let y(j) = -j**2 - 5*j + 3. Let l be y(q). What is the highest common factor of 21 and l?
3
Let b(l) = l**2 + 10*l + 6. Let z be b(-8). Let f(q) = -q + 14. Let j be f(z). Calculate the highest common factor of j and 6.
6
Suppose -2*s = 2*h - 62, -4*h - 4*s = -5*h + 26. Suppose 2*y + 3 = 9. Suppose k - 36 = 4*d, -2*k + y*d = 4*d - 36. What is the highest common factor of k and h?
10
Suppose 2*g - 6*g + 12 = -3*m, -2*g + 6 = -5*m. Let t = 2 + m. What is the greatest common factor of 14 and t?
2
Let s = -28 + 41. Calculate the greatest common factor of 13 and s.
13
Let o = 75 + -27. Suppose 0*x = 5*d - x - o, -d + 5*x = 0. Calculate the highest common factor of 40 and d.
10
Suppose -4*y = -15*y + 1573. Calculate the highest common factor of 13 and y.
13
Let c(h) = 3*h**2 + 2*h - 1. Let d be c(-2). Let x = d + 5. Let u = 9 - 6. What is the greatest common factor of x and u?
3
Suppose 0 = -4*l + 22 - 6. Let r be 30/(-9) - 4/(-12). Let y = r + l. Calculate the greatest common factor of 1 and y.
1
Let m(w) = -w**3 + 5*w**2 - 3*w + 2. Let b be m(4). Let y be (116 - -1) + (-3)/(-1). Suppose -4*f = f - y. Calculate the highest common factor of f and b.
6
Let o(x) = 11*x**2 - 5*x + 7. Let j(d) = 10*d**2 - 5*d + 7. Let z(a) = 7*j(a) - 6*o(a). Let s be z(7). What is the greatest common factor of s and 21?
21
Let v be (-4)/6 - 152/(-3). Suppose -g + 4*g - 81 = 0. Let o = v + g. What is the highest common divisor of 11 and o?
11
Suppose -2*o = 4*k - 3*o - 85, 0 = 5*o + 25. Suppose 0 = -4*i + 3*l + 32, -k = -4*i - 4*l + 12. Calculate the highest common factor of 80 and i.
8
Let r = -17 - -19. Suppose 0 = n - 3*s - 6, -3*n + r*s = -18. Calculate the highest common divisor of n and 9.
3
Suppose 3*t - 26 = 5*v + 242, 492 = 5*t + 3*v. Calculate the highest common factor of t and 12.
12
Suppose a = 18 - 5. Calculate the highest common factor of a and 13.
13
Suppose -4*i - 10 = o, -3*i + 4 = -4*i. Let r = 78 + -72. Calculate the highest common factor of r and o.
6
Let v be (-4)/10*170/(-4). What is the greatest common factor of v and 34?
17
Suppose 2*h + 23 = -4*y + 163, 0 = 5*h - 10. What is the greatest common divisor of y and 306?
34
Suppose 0*a = 2*a - 92. Suppose 184 + a = 5*o. Let k = -132 + 201. Calculate the highest common divisor of o and k.
23
Let q(g) = -g**3 + 2*g**2 + 3*g + 4. Let s be q(3). Suppose 4*b - s*h - 92 = 0, 4*b = -h + 97 + 15. What is the greatest common factor of 18 and b?
9
Suppose -3*l - x - 15 = 2, 4*x = 4*l + 44. Let y(j) = -j + 3. Let t be y(l). Suppose -2*q - 6 + 26 = 0. What is the greatest common divisor of q and t?
10
Let v be -1 - -3*1 - 2. Suppose 38 = -v*s + 2*s. Suppose -3*w + 26 + s = 0. What is the greatest common factor of w and 75?
15
Let o(i) = 2*i**3 + i**2 + i. Let c be o(-1). Let g be 35/15 + c/(-3). What is the greatest common factor of g and 24?
3
Suppose 0 = -q - 0*q + 4. Let u(l) = l**2 + 2*l + 1. Let i be u(-1). Suppose -q*c + c + 156 = i. Calculate the greatest common factor of 13 and c.
13
Let w = 126 + -110. What is the greatest common divisor of 72 and w?
8
Let m be (-4)/6 - 2/(-3). Suppose m*o + 59 = 5*z + 3*o, -2*z + 26 = 2*o. What is the greatest common factor of z and 10?
10
Suppose 31 = -0*y + 2*y - 3*v, 5*y - 85 = 5*v. Let g be (-2)/(1 - 15/17). Let r = -9 - g. Calculate the highest common factor of r and y.
4
Let u(y) = 3*y - 43. Let r be u(17). Suppose -4*v - 33 - 151 = -3*q, -180 = -3*q + 3*v. Calculate the greatest common divisor of q and r.
8
Let y(k) = -k**3 + 10*k**2 + 12*k + 12. Let r be y(11). Let s(j) = 2*j - 5. Let n be s(-4). Let z = r + n. Calculate the greatest common divisor of z and 2.
2
Let r be (0/3)/(-3) - -8. Suppose 13*m - 8*m - 100 = 0. What is the highest common divisor of r and m?
4
Suppose -5*h + 108 = -3*h. Let t = 72 + -36. Calculate the greatest common divisor of h and t.
18
Let f = 62 - -7. What is the highest common divisor of 46 and f?
23
Let o(x) = x**2 - 2*x + 4. Let n be o(3). Suppose -5*a + 3*q + 205 = 0, -4*q + 3*q = a - 49. Let m = a - 23. Calculate the highest common divisor of m and n.
7
Suppose -2*s + 35 = -5*u, 3*s - 2*u - 3*u - 50 = 0. What is the greatest common factor of 15 and s?
15
Let n(x) = 2*x**2 + 7*x - 2. Let i be n(-5). Calculate the greatest common divisor of i and 130.
13
Suppose 3*z - 44 = 13. Let b be z/1 - (0 - 1). What is the highest common factor of b and 60?
20
Let v = -1 + 10. Let d = v - 3. What is the greatest common factor of d and 42?
6
Let d = 3 - -9. Let j(o) = 25*o**2 + o. Let r be j(-1). Suppose m - 12 - r = 0. Calculate the highest common factor of m and d.
12
Suppose -4*z = -47 - 37. Calculate the highest common divisor of z and 7.
7
Suppose 2*r - 68 + 26 = -4*f, 5*r - 4*f = 77. What is the greatest common factor of r and 119?
17
Let k(v) = -4*v**3 - v**2 - v - 3. Let m be k(-3). Calculate the greatest common divisor of 9 and m.
9
Suppose 5*v = -a + 72, 4*v - 69 + 3 = 2*a. Let d(j) = j**3 - j**2 - j + 120. Let n be d(0). Calculate the highest common factor of v and n.
15
Let i(h) = -10*h**3 + 3*h**2 - 2. Let s be i(-2). Suppose w + 1 = 11. Calculate the greatest common divisor of s and w.
10
Let o(r) = -r**3 + 5*r**2 + 2*r. Let l be (-10)/(-2)*4/5. Let c be o(l). What is the highest common factor of 16 and c?
8
Let w = 42 + -29. Let a = w - 4. What is the highest common divisor of 1 and a?
1
Let s be (-4)/(-14) - (-164)/14. Calculate the highest common divisor of s and 12.
12
Let w(p) = p**3 - p**2 + 6*p + 2. Let d be w(5). Suppos